/(-28)). Let f = k - -20. What is the tens digit of f?
1
Let m(o) = -9*o**3 + o**2 - 1. Let l be m(-1). Let j(c) = -c + 11 + 6 - 1. What is the units digit of j(l)?
7
Let o = 2235 + -1430. What is the hundreds digit of o?
8
Suppose 5*y = -0*y. Suppose -5*n - 4*f + 34 + 195 = y, -n + 41 = -4*f. What is the tens digit of n?
4
Let o(y) be the second derivative of -y**5/20 + y**4/12 + 4*y**3/3 - 13*y. What is the tens digit of o(-4)?
4
Suppose -6*f = -12*f + 4332. What is the units digit of f?
2
What is the hundreds digit of -2 + 1 - (-212 - (-24)/(-8))?
2
What is the tens digit of (2/7)/(4/(-28)) + 373?
7
Let n = -8 - -8. Suppose -3*v + 137 = -n*v - 5*k, 5*k + 245 = 5*v. What is the units digit of v?
4
What is the tens digit of (-29 + -5)/((-38)/551)?
9
Let d be ((-7)/(-4))/(3/24). Suppose -3*x = 3*v - 72, -63 = -3*x + 2*v + d. What is the units digit of x?
5
Let d(y) = 10*y + 9. Let i(p) = 9*p + 8. Let g(l) = 6*d(l) - 7*i(l). Suppose 2*q + 6 + 0 = 0. What is the units digit of g(q)?
7
Let b(o) = -3*o - 8. Let f be b(-4). Suppose 0*m - 460 = -f*m. What is the hundreds digit of m?
1
Suppose -8*m - 96 = 96. Let n = 37 + m. What is the units digit of n?
3
Let n(d) = 5*d**3 - 2*d**2 + 2*d + 2. Let k be n(-2). Let i(z) = 27*z + 35. Let v be i(-4). Let f = k - v. What is the units digit of f?
3
Suppose -3478 = 4*u - 3486. Suppose -g - 3 = -2*g. Suppose -u*m + g*r + r + 22 = 0, 4*m + 4*r = -16. What is the units digit of m?
1
What is the hundreds digit of 15/40 - 82701/(-72)?
1
Suppose 212*s = 193*s + 93765. What is the tens digit of s?
3
Let a(r) = -r**3 - 6*r**2 - 16*r + 4. What is the units digit of a(-11)?
5
Let y(p) = -179*p - 1. Let g be y(1). Let h = g - -104. What is the tens digit of -3*h/6 - -1?
3
Let m(a) = -a**2 + 14*a - 11. Let s = 25 - 13. What is the units digit of m(s)?
3
Let z = -36 - -18. Let w = z - -21. What is the tens digit of w*(3 + (-17)/(-3))?
2
Let c = -26 + 31. Suppose -5*o + x = -17 - 101, -14 = -o + c*x. What is the tens digit of o?
2
Let h(g) = 3*g**2 + 11*g - 2. Suppose 0*d - 5*d = 30. Let n be h(d). Suppose -n = -5*b - 3*c, -2*b + 2*c + 20 = 4. What is the units digit of b?
8
Let x(h) = -h**2 - 3*h - 2. Let s = -40 + 38. Let v be x(s). Suppose 4*g = -v*g + 228. What is the units digit of g?
7
Let v(l) = -10*l - 209. Let t(x) = 2*x + 42. Let m(g) = 11*t(g) + 2*v(g). Suppose -3*z - y + 2 = 0, -4*z + 2*y + 0 = 4. What is the tens digit of m(z)?
4
Let l be 120/21 + 2/7. Let k be 634/18 + l/(-27). Let z = 50 - k. What is the tens digit of z?
1
Suppose 5*t - 4*u + 1057 = 55, 0 = 2*t + 4*u + 412. Let m = -86 - t. What is the tens digit of m?
1
Let w(s) = -528*s + 78. What is the units digit of w(-5)?
8
Suppose -2042 = -4*w - 3*q, -q + 2908 = 5*w + 361. Let l = w - 249. Suppose h - 65 = -4*u, 0 = -4*h - 5*u - 0*u + l. What is the tens digit of h?
6
Let q = 17 + -14. Suppose 18 = c + 3*i - 37, q*i = 9. Suppose m + 0*m = -5*f + 88, -4*m = 3*f - c. What is the tens digit of f?
1
Suppose 109 = 3*d + b, 5*d + 2*b = -2*b + 191. Let x be (0 - 2)/(1 + (-57)/51). Let i = d - x. What is the units digit of i?
8
Suppose 3*p - 2*t - 7 = 0, -3*p + 3 - 2 = t. Suppose 15 = 4*m - p. Let u = 13 + m. What is the units digit of u?
7
Suppose 0 = -2*v + 4*j + 36, -4*v + 40 = 3*j + 12. Suppose 0 = 5*f - 5 - v. What is the units digit of f?
3
Let f be (-2 - 0) + (-24)/(-2). Suppose -289*r = -287*r - 100. Let w = r + f. What is the units digit of w?
0
Suppose 2*l - 5*w = 185, -w + 575 = 5*l + 180. Suppose -5*x + l = -n, x + n = -2*n. What is the units digit of x?
5
Let r be 861/105 + (-4)/(-5). Suppose -291 = -r*i + 438. What is the units digit of i?
1
Suppose n - 11*k - 125 = -6*k, n - 2*k = 140. What is the hundreds digit of n?
1
What is the units digit of -6*17/136 - 5279/(-4)?
9
What is the units digit of 0 + 10/(-75) - 85654/(-30)?
5
What is the units digit of 1*(-8 + 10 - -794)?
6
Let u = 26 - 22. Suppose -4*r + 5 = -3*r - f, -u*f = 3*r + 20. Suppose -4*o + 2*o = r, -2*o = -4*y + 48. What is the tens digit of y?
1
Suppose 8*n - 5*s = 3*n + 20, 5*n + 4*s + 7 = 0. Let l = -41 + 70. What is the tens digit of (4 + (-2 - n))*l?
2
Suppose 3*d - d - 2 = 0, -4*k + 5*d = 37. What is the units digit of (-450)/k - (-4)/(-16)?
6
Let v(p) = 10*p**2 + 4*p + 4. Suppose -4*n - 62 = 2*a, 2*n + 2*a + 16 = -14. Let o = -18 - n. What is the units digit of v(o)?
6
Let b = -1 - -8. Suppose -3*v - 2*a + 1 - 9 = 0, 5*v + b = 3*a. What is the tens digit of (-264)/16*v/3?
1
Let g(d) = 142*d + 316. What is the thousands digit of g(5)?
1
Suppose -785 - 12191 = -16*r. What is the hundreds digit of r?
8
Suppose -2*c - 2*q = -1503 + 493, 1491 = 3*c - 5*q. What is the hundreds digit of c?
5
Suppose -559 - 1796 = -5*z. What is the units digit of z?
1
Let k = 6794 + -4821. What is the units digit of k?
3
Let s(j) = 3*j**3 + 11 + 2*j - 8*j**2 + 3*j**2 - 2*j**3. Suppose -w - 3*w + 24 = 0. What is the units digit of s(w)?
9
Suppose 3*c = -35 + 11. What is the units digit of 1 + 27 + (c - -6)?
6
Let w be -1 + -3*2/6. What is the units digit of 709/9 - w/9?
9
Suppose 61*j - 25243 = 18982. What is the hundreds digit of j?
7
Let m = -1183 + 2635. What is the thousands digit of m?
1
Suppose 0 = 9*v - v - 5240. What is the hundreds digit of v?
6
Suppose z + 3*z - 3346 = 2*t, 2*z - 1658 = -2*t. What is the hundreds digit of z?
8
Let p = 615 + 250. What is the hundreds digit of p?
8
Suppose -3*n = 177 + 78. Let g = n - -141. What is the units digit of g?
6
Suppose -2*l + 9468 = -5*f, 0 = -5*l - 4*f + 6*f + 23649. What is the tens digit of l?
2
Let q(i) = 2*i**3 - 5*i**2 - 6*i - 12. Let k be q(6). Suppose -k = 11*p - 15*p. What is the tens digit of p?
5
What is the units digit of (1338705/426)/(6/8)?
0
Let v(u) = -15*u**2 + 12*u + 36. Let o be v(16). What is the tens digit of o/(-22) - 1 - (-16)/(-88)?
6
What is the hundreds digit of (6558/(-30))/(5/(-25))?
0
Let p(k) = -3 + k**2 + 2*k**2 + 2 - 3*k + 0*k**2. Let a(u) = -u**3 + 3*u**2 + 5*u - 6. Let b be a(4). What is the units digit of p(b)?
7
Suppose 5*b + 3*t - 6 = -73, -71 = 5*b - t. What is the tens digit of (-161)/b - 2/(-4)?
1
Let k(z) = 35*z + 2. Let q(s) = -70*s - 5. Let o(c) = -14*k(c) - 6*q(c). What is the tens digit of o(-1)?
7
Let p(l) = 3*l**3 - 15*l**2 + 8*l + 6. What is the hundreds digit of p(7)?
3
Suppose -a - 4*q - 2 = 0, 2*q = -2*a - 2*q - 20. What is the tens digit of a/8 + 2 + 481/4?
2
Let j = 109 - 91. Suppose 23*p = j*p + 920. What is the tens digit of p?
8
Suppose -15 - 5 = 4*l. Let r(j) = 4*j - 15. Let o be r(4). Let t = o - l. What is the units digit of t?
6
Let t(b) = 12 - 7*b - 3 + 11*b + 34*b**2 + 6*b. What is the tens digit of t(-1)?
3
Let s(a) = 15*a + 4. Let d(j) = -2*j + 5. Let w be d(2). What is the tens digit of s(w)?
1
Let g = 2006 - -394. What is the hundreds digit of g?
4
Suppose -3*b - 6222 = -3*u, 32*b + 4160 = 2*u + 36*b. What is the tens digit of u?
7
Suppose 0 = 4*t - 2*k - 3734, -2*k = t - 4*k - 929. What is the tens digit of t?
3
Let d be (-4 - -3)*(-3)/1. Suppose 0 = 7*l - d*l - 40. Suppose 4*q = l - 6. What is the units digit of q?
1
Suppose 0 = 7*q - 9*q + 8. Suppose -q*y = -39 - 205. What is the tens digit of y?
6
What is the hundreds digit of ((-132)/(-18))/(-2*(-2)/2604)?
7
Let h = 36 - 32. What is the hundreds digit of 4*3/8 + 474/h?
1
Suppose 4*t + 7 = 15. Suppose -2*x - t = -4*h, 1 - 4 = 3*h - 3*x. Suppose -5*y = 2*k - 73, -h*y + 2*k = -2*k - 10. What is the units digit of y?
3
Let p be 1 - (3 + -4)*-2. Let u(v) = 5*v - 2. Let s be u(2). Let w = s - p. What is the units digit of w?
9
Let b(p) = -70*p**3 + p. Let h be b(1). Let s = h - -115. What is the tens digit of s?
4
Let y(f) = -3*f**3 - 31*f**2 - 10*f + 4. Let s be y(-10). Suppose -s*x + 3*x = -146. What is the tens digit of x?
4
Let m(x) = x**2 + x - 3. Let c be m(-3). Suppose 0 = -o - c*o. Suppose 8*y - 3*y - 65 = o. What is the tens digit of y?
1
Let f = 807 + -815. Let q(a) = 4*a - a**3 - 7*a**2 + 3 + 4 - 2*a. What is the units digit of q(f)?
5
Let a = 1 + -6. Let j(v) = -2*v - 5. Let z be j(a). Suppose 0*c = z*c - 65. What is the units digit of c?
3
Let t(j) = 2 + 6*j**2 - 5 + j**3 - 5. Let c be t(-6). Let h(p) = p + 10. What is the units digit of h(c)?
2
Suppose 3*a = -2*l + 12, -6 = -4*l - 2*a + 2. Suppose l = -5*t - 3*m + 